{"id":7468,"date":"2024-11-25T21:23:20","date_gmt":"2024-11-25T18:23:20","guid":{"rendered":"https:\/\/kayenyapiteknik.com.tr\/?page_id=7468"},"modified":"2024-11-25T21:31:12","modified_gmt":"2024-11-25T18:31:12","slug":"hakkimizda","status":"publish","type":"page","link":"https:\/\/kayenyapiteknik.com.tr\/index.php\/hakkimizda\/","title":{"rendered":"HAKKIMIZDA"},"content":{"rendered":"<p>[vc_row][vc_column][vc_column_text woodmart_inline=&#8221;no&#8221; text_larger=&#8221;no&#8221;]<\/p>\n<h3>M\u00fc\u015fteri memnuniyeti odakl\u0131 bir anlay\u0131\u015f i\u00e7inde olan firmam\u0131z m\u00fc\u015fterilerimizin ihtiya\u00e7 duydu\u011fu \u00e7\u00f6z\u00fcm\u00fc sahip oldu\u011fu teknik altyap\u0131 ve bilgi birikimi sayesinde en uygun ve pratik \u015fekilde sunmaktad\u0131r.<\/h3>\n<p>Y\u00fcksek gerilimden al\u00e7ak gerilime ve enerji alan\u0131mda m\u00fc\u015fteri odakl\u0131 hizmet anlay\u0131\u015f\u0131m\u0131z ve \u00fcr\u00fcn hizmetlerimizi ulusal ve uluslararas\u0131 kalite standartlar\u0131yla \u00fcreterek piyasaya sunmaktad\u0131r.<\/p>\n<p>De\u011ferli m\u00fc\u015fterilerimize sundu\u011fumuz hizmetler ile \u00e7\u00f6z\u00fcm orta\u011f\u0131 olmaktan memnuniyet duyar\u0131z.[\/vc_column_text][vc_single_image image=&#8221;7469&#8243; img_size=&#8221;full&#8221; parallax_scroll=&#8221;no&#8221; woodmart_inline=&#8221;no&#8221;][\/vc_column][\/vc_row]<\/p>\n","protected":false},"excerpt":{"rendered":"<p>[vc_row][vc_column][vc_column_text woodmart_inline=&#8221;no&#8221; text_larger=&#8221;no&#8221;] M\u00fc\u015fteri memnuniyeti odakl\u0131 bir anlay\u0131\u015f i\u00e7inde olan firmam\u0131z m\u00fc\u015fterilerimizin ihtiya\u00e7 duydu\u011fu \u00e7\u00f6z\u00fcm\u00fc sahip oldu\u011fu teknik altyap\u0131 ve<\/p>\n","protected":false},"author":1,"featured_media":0,"parent":0,"menu_order":0,"comment_status":"closed","ping_status":"closed","template":"","meta":{"footnotes":""},"class_list":["post-7468","page","type-page","status-publish","hentry"],"_links":{"self":[{"href":"https:\/\/kayenyapiteknik.com.tr\/index.php\/wp-json\/wp\/v2\/pages\/7468","targetHints":{"allow":["GET"]}}],"collection":[{"href":"https:\/\/kayenyapiteknik.com.tr\/index.php\/wp-json\/wp\/v2\/pages"}],"about":[{"href":"https:\/\/kayenyapiteknik.com.tr\/index.php\/wp-json\/wp\/v2\/types\/page"}],"author":[{"embeddable":true,"href":"https:\/\/kayenyapiteknik.com.tr\/index.php\/wp-json\/wp\/v2\/users\/1"}],"replies":[{"embeddable":true,"href":"https:\/\/kayenyapiteknik.com.tr\/index.php\/wp-json\/wp\/v2\/comments?post=7468"}],"version-history":[{"count":2,"href":"https:\/\/kayenyapiteknik.com.tr\/index.php\/wp-json\/wp\/v2\/pages\/7468\/revisions"}],"predecessor-version":[{"id":7471,"href":"https:\/\/kayenyapiteknik.com.tr\/index.php\/wp-json\/wp\/v2\/pages\/7468\/revisions\/7471"}],"wp:attachment":[{"href":"https:\/\/kayenyapiteknik.com.tr\/index.php\/wp-json\/wp\/v2\/media?parent=7468"}],"curies":[{"name":"wp","href":"https:\/\/api.w.org\/{rel}","templated":true}]}}