{"id":7530,"date":"2024-11-29T22:11:17","date_gmt":"2024-11-29T19:11:17","guid":{"rendered":"https:\/\/kayenyapiteknik.com.tr\/?page_id=7530"},"modified":"2024-11-29T22:11:40","modified_gmt":"2024-11-29T19:11:40","slug":"uygulama-hizmetlerimiz","status":"publish","type":"page","link":"https:\/\/kayenyapiteknik.com.tr\/index.php\/uygulama-hizmetlerimiz\/","title":{"rendered":"UYGULAMA Hizmetlerimiz"},"content":{"rendered":"<p>[vc_row][vc_column width=&#8221;1\/2&#8243;][vc_column_text woodmart_inline=&#8221;no&#8221; text_larger=&#8221;no&#8221;]<\/p>\n<h4>Al\u00e7ak Gerilim Hizmetleri<\/h4>\n<ul>\n<li>As Built Projeleri<\/li>\n<li>Al\u00e7ak Gerilim Pano Dizayn\u0131<\/li>\n<li>Busbar Sistemleri<\/li>\n<li>Kablo Ta\u015f\u0131ma Sistemleri<\/li>\n<li>G\u00fc\u00e7 Fakt\u00f6r\u00fc D\u00fczeltilmesi<\/li>\n<li>Kesintisiz G\u00fc\u00e7 Kaynaklar\u0131<\/li>\n<li>UPS Tesisatlar\u0131 ve Bina Otomasyonu<\/li>\n<li>Generat\u00f6r<\/li>\n<li>Ayd\u0131nlatma Armat\u00fcr Tesisatlar\u0131<\/li>\n<li>Sinyalizasyon<\/li>\n<li>Jenerat\u00f6r Sistemi<\/li>\n<li>Y\u0131ld\u0131r\u0131mdan Korunma ve Topraklama<\/li>\n<li>SCADA ve Enerji \u0130zleme Otomasyonu<\/li>\n<li>Enerji M\u00fcsaade Belgesi Temini ve Elektrik<\/li>\n<li>\u0130daresi Kabul \u0130\u015fleri<\/li>\n<\/ul>\n<p>[\/vc_column_text][\/vc_column][vc_column width=&#8221;1\/2&#8243;][vc_column_text woodmart_inline=&#8221;no&#8221; text_larger=&#8221;no&#8221;]<\/p>\n<h4>Y\u00fcksek Gerilim Hizmetleri<\/h4>\n<ul>\n<li>Transformat\u00f6r<\/li>\n<li>Y\u00fcksek Gerilim H\u00fccreleri<\/li>\n<li>Yeralt\u0131 Kablo Da\u011f\u0131t\u0131m\u0131<\/li>\n<li>Enerji Nakil Hatt\u0131<\/li>\n<\/ul>\n<p>[\/vc_column_text][vc_column_text woodmart_inline=&#8221;no&#8221; text_larger=&#8221;no&#8221;]<\/p>\n<h4>Orta Gerilim Hizmetleri<\/h4>\n<ul>\n<li>O.G. Enerji Temini &amp; Da\u011f\u0131t\u0131m\u0131<\/li>\n<li>Transformat\u00f6r &amp; O.G. Temini ve Tesisat \u0130\u015fleri<\/li>\n<li>Test ve Devreye Alma \u0130\u015fleri<\/li>\n<li>Enerji M\u00fcsaade Belgesi Temini ve Elektrik \u0130daresi<\/li>\n<li>Kabul \u0130\u015fleri<\/li>\n<\/ul>\n<p>&nbsp;<\/p>\n<p>[\/vc_column_text][\/vc_column][\/vc_row][vc_row][vc_column width=&#8221;1\/2&#8243;][vc_column_text woodmart_inline=&#8221;no&#8221; text_larger=&#8221;no&#8221;]<\/p>\n<h4>Zay\u0131f Ak\u0131m Sistemleri<\/h4>\n<ul>\n<li>Yang\u0131n Alg\u0131lama ve \u0130hbar Sistemi<\/li>\n<li>Telefon\/Data Sistemleri<\/li>\n<li>Seslendirme ve Acil Anons Sistemleri<\/li>\n<li>CCTV-Kapal\u0131 Devre Kamera G\u00fcvenlik Sistemi (IP \u2014 Analog )<\/li>\n<li>Dahili Haberle\u015fme Sistemi<\/li>\n<li>Otopark Giri\u015f\/\u00c7\u0131k\u0131\u015f Sistemleri<\/li>\n<li>Hem\u015fire \u00c7a\u011fr\u0131 Sistemleri<\/li>\n<li>Telsiz Sistemi<\/li>\n<li>SCADA G\u00fcne\u015f Enerjisi Sistemleri<\/li>\n<li>Sinyalizasyon Sistemi<\/li>\n<\/ul>\n<p>[\/vc_column_text][\/vc_column][vc_column width=&#8221;1\/2&#8243;][vc_column_text woodmart_inline=&#8221;no&#8221; text_larger=&#8221;no&#8221;]<\/p>\n<h4>Elektrikli Ara\u00e7 \u015earj \u0130stasyonu Sistemleri<\/h4>\n<ul>\n<li>\u015earj \u0130stasyonu Kurulumu Montaj\u0131 Devreye Alma<\/li>\n<li>\u015earj \u0130stasyonu \u015eartnamelerine Uygun Pano \u0130malat\u0131<\/li>\n<li>Projelendirilme Yap\u0131lmas\u0131 ve Elektrik \u0130daresi Kabul \u0130\u015flemleri<\/li>\n<\/ul>\n<p>[\/vc_column_text][vc_column_text woodmart_inline=&#8221;no&#8221; text_larger=&#8221;no&#8221;]<\/p>\n<h4>G\u00fcne\u015f Enerjisi Sistemleri<\/h4>\n<ul>\n<li>G\u00fcne\u015f Panelleri<\/li>\n<li>\u0130nvert\u00f6r<\/li>\n<li>Solar Kablo Da\u011f\u0131t\u0131m\u0131<\/li>\n<li>Kapsaml\u0131 Proje Y\u00f6netimi<\/li>\n<li>Bak\u0131m ve Destek<\/li>\n<li>Kurulum Hizmetleri<\/li>\n<\/ul>\n<p>&nbsp;<\/p>\n<p>[\/vc_column_text][\/vc_column][\/vc_row]<\/p>\n","protected":false},"excerpt":{"rendered":"<p>[vc_row][vc_column width=&#8221;1\/2&#8243;][vc_column_text woodmart_inline=&#8221;no&#8221; text_larger=&#8221;no&#8221;] Al\u00e7ak Gerilim Hizmetleri As Built Projeleri Al\u00e7ak Gerilim Pano Dizayn\u0131 Busbar Sistemleri Kablo Ta\u015f\u0131ma Sistemleri G\u00fc\u00e7<\/p>\n","protected":false},"author":1,"featured_media":0,"parent":0,"menu_order":0,"comment_status":"closed","ping_status":"closed","template":"","meta":{"footnotes":""},"class_list":["post-7530","page","type-page","status-publish","hentry"],"_links":{"self":[{"href":"https:\/\/kayenyapiteknik.com.tr\/index.php\/wp-json\/wp\/v2\/pages\/7530","targetHints":{"allow":["GET"]}}],"collection":[{"href":"https:\/\/kayenyapiteknik.com.tr\/index.php\/wp-json\/wp\/v2\/pages"}],"about":[{"href":"https:\/\/kayenyapiteknik.com.tr\/index.php\/wp-json\/wp\/v2\/types\/page"}],"author":[{"embeddable":true,"href":"https:\/\/kayenyapiteknik.com.tr\/index.php\/wp-json\/wp\/v2\/users\/1"}],"replies":[{"embeddable":true,"href":"https:\/\/kayenyapiteknik.com.tr\/index.php\/wp-json\/wp\/v2\/comments?post=7530"}],"version-history":[{"count":1,"href":"https:\/\/kayenyapiteknik.com.tr\/index.php\/wp-json\/wp\/v2\/pages\/7530\/revisions"}],"predecessor-version":[{"id":7531,"href":"https:\/\/kayenyapiteknik.com.tr\/index.php\/wp-json\/wp\/v2\/pages\/7530\/revisions\/7531"}],"wp:attachment":[{"href":"https:\/\/kayenyapiteknik.com.tr\/index.php\/wp-json\/wp\/v2\/media?parent=7530"}],"curies":[{"name":"wp","href":"https:\/\/api.w.org\/{rel}","templated":true}]}}